{"id":10,"date":"2024-02-25T11:34:00","date_gmt":"2024-02-25T11:34:00","guid":{"rendered":"https:\/\/festivitas.space\/ship\/?page_id=10"},"modified":"2025-12-15T20:52:37","modified_gmt":"2025-12-15T20:52:37","slug":"home","status":"publish","type":"page","link":"https:\/\/festivitas.space\/ship\/","title":{"rendered":"home"},"content":{"rendered":"<div class=\"wpb-content-wrapper\"><p>[vc_row][vc_column][vc_empty_space][\/vc_column][\/vc_row][vc_row][vc_column width=&#8220;2\/12&#8243;][\/vc_column][vc_column width=&#8220;8\/12&#8243;][vc_column_text]<\/p>\n<h1 style=\"text-align: center;\"><span class=\"y0\">Herzlich<\/span><br \/>\n<span class=\"y1\">willkommen<\/span><br \/>\n<span class=\"y2\">bei den<\/span><br \/>\n<span class=\"y3\">Zukunftsv\u00f6geln<\/span><\/h1>\n<p>[\/vc_column_text][vc_empty_space height=&#8220;92px&#8220;][\/vc_column][vc_column width=&#8220;2\/12&#8243;][\/vc_column][\/vc_row][vc_row][vc_column width=&#8220;1\/12&#8243;][\/vc_column][vc_column width=&#8220;6\/12&#8243;][vc_single_image image=&#8220;219&#8243; img_size=&#8220;full&#8220; css=&#8220;.vc_custom_1765823901874{margin-right: 10px !important;padding-right: 10px !important;}&#8220;][vc_row_inner][vc_column_inner width=&#8220;3\/12&#8243;][\/vc_column_inner][vc_column_inner width=&#8220;8\/12&#8243;][vc_column_text css=&#8220;&#8220;]festivitas.space gestaltet R\u00e4ume, in denen Zukunft wieder f\u00fchlbar wird. Wir schaffen Orte jenseits des Gew\u00f6hnlichen. Atmosph\u00e4ren, in denen Menschen aus Zivilgesellschaft, Kultur, Wissenschaft, Wirtschaft und Politik zusammenkommen, um neue Kontexte zu betreten, Perspektiven zu ver[H\/W]andeln und die Koordinaten unserer Zeit neu auszurichten. Inmitten der Polykrise, die so oft Ohnmacht hervorruft, kultivieren wir soziale W\u00e4rme, Imagination und gemeinsames Lernen. Unsere Formate laden ein, den inneren Kompass neu einzuordnen und in einem Resonanzraum zu landen, in dem Zukunft nicht abstrakt ist, sondern f\u00fchlbar, verhandelbar und gemeinsam gestaltbar.[\/vc_column_text][\/vc_column_inner][vc_column_inner width=&#8220;1\/12&#8243;][\/vc_column_inner][\/vc_row_inner][\/vc_column][vc_column width=&#8220;4\/12&#8243;][vc_empty_space height=&#8220;62px&#8220;][vc_column_text css=&#8220;.vc_custom_1765831953886{margin-right: 10px !important;padding-right: 10px !important;}&#8220;]Wir arbeiten mit Open Spaces, Co-Kreativit\u00e4t und Emergenz, also mit dem, was entsteht, wenn Menschen sich in lebendigen Strukturen begegnen, zuh\u00f6ren, experimentieren und sich von dem leiten lassen, was zwischen ihnen aufscheint. Unsere Prozesse sind liminal, emergent, voller Spiel und Ernst zugleich. Wir verwirren, um zu entwirren; \u00f6ffnen M\u00f6glichkeitsr\u00e4ume, in denen Projekte, Ideen und Allianzen aus dem Feld heraus wachsen. So entsteht Schritt f\u00fcr Schritt eine Kultur des gemeinsamen Zukunftsmachens, ein soziales Lernfeld, das uns bef\u00e4higt, den Wandel nicht nur zu verstehen, sondern auch zu begehen. In diesem Geist arbeiten wir darauf hin, dass lokale Experimente zu \u00fcberregionalen Impulsen werden \u2013 bis hin zu einer n\u00e4chsten Landesausstellung#7 \u00abfrom rock bottom up\u00bb und dar\u00fcber hinaus zu einer regenerativen Zukunftskultur, die getragen ist von Mut, Verbundenheit und radikaler Zuversicht.[\/vc_column_text][\/vc_column][vc_column width=&#8220;1\/12&#8243;][\/vc_column][\/vc_row][vc_row][vc_column width=&#8220;2\/5&#8243;][\/vc_column][vc_column width=&#8220;1\/5&#8243;][vc_empty_space][vc_single_image image=&#8220;729&#8243; img_size=&#8220;full&#8220; css=&#8220;&#8220;][vc_empty_space][\/vc_column][vc_column width=&#8220;2\/5&#8243;][\/vc_column][\/vc_row]<\/p>\n<\/div>","protected":false},"excerpt":{"rendered":"<p>[vc_row][vc_column][vc_empty_space][\/vc_column][\/vc_row][vc_row][vc_column width=&#8220;2\/12&#8243;][\/vc_column][vc_column width=&#8220;8\/12&#8243;][vc_column_text] Herzlich willkommen bei den Zukunftsv\u00f6geln [\/vc_column_text][vc_empty_space height=&#8220;92px&#8220;][\/vc_column][vc_column width=&#8220;2\/12&#8243;][\/vc_column][\/vc_row][vc_row][vc_column width=&#8220;1\/12&#8243;][\/vc_column][vc_column width=&#8220;6\/12&#8243;][vc_single_image image=&#8220;219&#8243; img_size=&#8220;full&#8220; css=&#8220;.vc_custom_1765823901874{margin-right: 10px !important;padding-right: 10px !important;}&#8220;][vc_row_inner][vc_column_inner width=&#8220;3\/12&#8243;][\/vc_column_inner][vc_column_inner width=&#8220;8\/12&#8243;][vc_column_text css=&#8220;&#8220;]festivitas.space gestaltet R\u00e4ume, in denen Zukunft wieder f\u00fchlbar wird. Wir schaffen Orte jenseits des Gew\u00f6hnlichen. Atmosph\u00e4ren, in denen Menschen aus Zivilgesellschaft, Kultur, Wissenschaft, Wirtschaft und Politik zusammenkommen, um neue Kontexte zu betreten, Perspektiven&hellip;<\/p>\n","protected":false},"author":1,"featured_media":219,"parent":0,"menu_order":0,"comment_status":"closed","ping_status":"closed","template":"","meta":{"_acf_changed":false,"footnotes":""},"class_list":["post-10","page","type-page","status-publish","has-post-thumbnail","hentry"],"acf":[],"_links":{"self":[{"href":"https:\/\/festivitas.space\/ship\/wp-json\/wp\/v2\/pages\/10","targetHints":{"allow":["GET"]}}],"collection":[{"href":"https:\/\/festivitas.space\/ship\/wp-json\/wp\/v2\/pages"}],"about":[{"href":"https:\/\/festivitas.space\/ship\/wp-json\/wp\/v2\/types\/page"}],"author":[{"embeddable":true,"href":"https:\/\/festivitas.space\/ship\/wp-json\/wp\/v2\/users\/1"}],"replies":[{"embeddable":true,"href":"https:\/\/festivitas.space\/ship\/wp-json\/wp\/v2\/comments?post=10"}],"version-history":[{"count":195,"href":"https:\/\/festivitas.space\/ship\/wp-json\/wp\/v2\/pages\/10\/revisions"}],"predecessor-version":[{"id":805,"href":"https:\/\/festivitas.space\/ship\/wp-json\/wp\/v2\/pages\/10\/revisions\/805"}],"wp:featuredmedia":[{"embeddable":true,"href":"https:\/\/festivitas.space\/ship\/wp-json\/wp\/v2\/media\/219"}],"wp:attachment":[{"href":"https:\/\/festivitas.space\/ship\/wp-json\/wp\/v2\/media?parent=10"}],"curies":[{"name":"wp","href":"https:\/\/api.w.org\/{rel}","templated":true}]}}