{"id":157,"date":"2024-06-13T10:37:54","date_gmt":"2024-06-13T10:37:54","guid":{"rendered":"https:\/\/festivitas.space\/ship\/?page_id=157"},"modified":"2024-06-13T10:39:21","modified_gmt":"2024-06-13T10:39:21","slug":"fulminalitaet","status":"publish","type":"page","link":"https:\/\/festivitas.space\/ship\/fulminalitaet\/","title":{"rendered":"fulminalit\u00e4t"},"content":{"rendered":"<div class=\"wpb-content-wrapper\"><p>[vc_row][vc_column][vc_empty_space][\/vc_column][\/vc_row][vc_row][vc_column width=&#8220;2\/12&#8243;][\/vc_column][vc_column width=&#8220;8\/12&#8243;][vc_column_text]<\/p>\n<h1 style=\"text-align: center;\"><span class=\"y1\">Fulminalit\u00e4t<\/span><\/h1>\n<p>[\/vc_column_text][vc_empty_space height=&#8220;62px&#8220;][\/vc_column][vc_column width=&#8220;2\/12&#8243;][\/vc_column][\/vc_row][vc_row][vc_column width=&#8220;1\/12&#8243;][\/vc_column][vc_column width=&#8220;4\/12&#8243;][vc_empty_space][vc_single_image image=&#8220;160&#8243; img_size=&#8220;full&#8220;][vc_empty_space][\/vc_column][vc_column width=&#8220;5\/12&#8243;][vc_column_text]\u00abFulminant\u00bb ist ein Adjektiv, das oft verwendet wird, um etwas zu beschreiben, das pl\u00f6tzlich, heftig und mit grosser Wucht eintritt oder sich entwickelt. Es kann auch bedeuten, dass etwas besonders beeindruckend oder eindrucksvoll ist.[\/vc_column_text][vc_column_text]\u00abLiminalit\u00e4t\u00bb hingegen ist ein Begriff aus der Anthropologie und Soziologie, der den Zustand oder den \u00dcbergang zwischen zwei klar definierten Zust\u00e4nden oder Phasen beschreibt. Es bezieht sich auf den Zwischenraum oder die Schwelle, an der ein Individuum oder eine Gruppe nicht mehr in einer alten Identit\u00e4t oder Situation, aber noch nicht in einer neuen ist. Liminalit\u00e4t ist oft mit Riten, \u00dcbergangsriten oder \u00dcbergangsphasen verbunden.[\/vc_column_text][\/vc_column][vc_column width=&#8220;2\/12&#8243;][\/vc_column][\/vc_row][vc_row][vc_column width=&#8220;2\/12&#8243;][\/vc_column][vc_column width=&#8220;6\/12&#8243;][vc_column_text]Wenn man die beiden Begriffe kombiniert, k\u00f6nnte \u00abFulminalit\u00e4t\u00bb verwendet werden, um einen Zustand oder eine Situation zu beschreiben, die sowohl pl\u00f6tzlich und intensiv als auch in einem \u00dcbergangszustand oder Zwischenstadium ist. Es k\u00f6nnte bedeuten, dass etwas mit grosser Kraft oder Dramatik passiert und gleichzeitig in einem liminalen Raum oder Zustand stattfindet.[\/vc_column_text][vc_empty_space][\/vc_column][vc_column width=&#8220;4\/12&#8243;][\/vc_column][\/vc_row][vc_row][vc_column][vc_column_text]<\/p>\n<p>[\/vc_column_text][\/vc_column][\/vc_row]<\/p>\n<\/div>","protected":false},"excerpt":{"rendered":"<p>[vc_row][vc_column][vc_empty_space][\/vc_column][\/vc_row][vc_row][vc_column width=&#8220;2\/12&#8243;][\/vc_column][vc_column width=&#8220;8\/12&#8243;][vc_column_text] Fulminalit\u00e4t [\/vc_column_text][vc_empty_space height=&#8220;62px&#8220;][\/vc_column][vc_column width=&#8220;2\/12&#8243;][\/vc_column][\/vc_row][vc_row][vc_column width=&#8220;1\/12&#8243;][\/vc_column][vc_column width=&#8220;4\/12&#8243;][vc_empty_space][vc_single_image image=&#8220;160&#8243; img_size=&#8220;full&#8220;][vc_empty_space][\/vc_column][vc_column width=&#8220;5\/12&#8243;][vc_column_text]\u00abFulminant\u00bb ist ein Adjektiv, das oft verwendet wird, um etwas zu beschreiben, das pl\u00f6tzlich, heftig und mit grosser Wucht eintritt oder sich entwickelt. Es kann auch bedeuten, dass etwas besonders beeindruckend oder eindrucksvoll ist.[\/vc_column_text][vc_column_text]\u00abLiminalit\u00e4t\u00bb hingegen ist ein Begriff aus der Anthropologie und Soziologie, der&hellip;<\/p>\n","protected":false},"author":1,"featured_media":160,"parent":0,"menu_order":0,"comment_status":"closed","ping_status":"closed","template":"","meta":{"_acf_changed":false,"footnotes":""},"class_list":["post-157","page","type-page","status-publish","has-post-thumbnail","hentry"],"acf":[],"_links":{"self":[{"href":"https:\/\/festivitas.space\/ship\/wp-json\/wp\/v2\/pages\/157","targetHints":{"allow":["GET"]}}],"collection":[{"href":"https:\/\/festivitas.space\/ship\/wp-json\/wp\/v2\/pages"}],"about":[{"href":"https:\/\/festivitas.space\/ship\/wp-json\/wp\/v2\/types\/page"}],"author":[{"embeddable":true,"href":"https:\/\/festivitas.space\/ship\/wp-json\/wp\/v2\/users\/1"}],"replies":[{"embeddable":true,"href":"https:\/\/festivitas.space\/ship\/wp-json\/wp\/v2\/comments?post=157"}],"version-history":[{"count":2,"href":"https:\/\/festivitas.space\/ship\/wp-json\/wp\/v2\/pages\/157\/revisions"}],"predecessor-version":[{"id":161,"href":"https:\/\/festivitas.space\/ship\/wp-json\/wp\/v2\/pages\/157\/revisions\/161"}],"wp:featuredmedia":[{"embeddable":true,"href":"https:\/\/festivitas.space\/ship\/wp-json\/wp\/v2\/media\/160"}],"wp:attachment":[{"href":"https:\/\/festivitas.space\/ship\/wp-json\/wp\/v2\/media?parent=157"}],"curies":[{"name":"wp","href":"https:\/\/api.w.org\/{rel}","templated":true}]}}