{"id":31,"date":"2024-02-25T12:13:02","date_gmt":"2024-02-25T12:13:02","guid":{"rendered":"https:\/\/festivitas.space\/ship\/?page_id=31"},"modified":"2026-03-12T21:30:06","modified_gmt":"2026-03-12T21:30:06","slug":"about","status":"publish","type":"page","link":"https:\/\/festivitas.space\/ship\/about\/","title":{"rendered":"about"},"content":{"rendered":"<div class=\"wpb-content-wrapper\"><p>[vc_row][vc_column][vc_empty_space][\/vc_column][\/vc_row][vc_row][vc_column width=&#8220;1\/12&#8243;][\/vc_column][vc_column width=&#8220;10\/12&#8243;][vc_column_text]<\/p>\n<h1 style=\"text-align: center;\"><span class=\"y0\">Wir gestalten<\/span><br \/>\n<span class=\"y1\">R\u00e4ume f\u00fcr das<\/span><br \/>\n<span class=\"y2\">Ver[H\/W]andeln<\/span><br \/>\n<span class=\"y3\">unserer Zukunft<\/span><\/h1>\n<p>[\/vc_column_text][vc_empty_space height=&#8220;82px&#8220;][\/vc_column][vc_column width=&#8220;1\/12&#8243;][\/vc_column][\/vc_row][vc_row][vc_column width=&#8220;1\/12&#8243;][\/vc_column][vc_column width=&#8220;6\/12&#8243;][vc_column_text]<\/p>\n<div><\/div>\n<p>[\/vc_column_text][\/vc_column][vc_column width=&#8220;4\/12&#8243;][vc_empty_space height=&#8220;82px&#8220;][vc_column_text]<\/p>\n<div><\/div>\n<p>[\/vc_column_text][\/vc_column][vc_column width=&#8220;1\/12&#8243;][\/vc_column][\/vc_row][vc_row][vc_column width=&#8220;2\/12&#8243;][\/vc_column][vc_column width=&#8220;5\/12&#8243;][vc_empty_space][vc_column_text]<\/p>\n<h3>Es geht ums Ver[H\/W]andeln.<br \/>\nHandeln, Verhandeln, Verwandeln, Wandeln.<\/h3>\n<p>[\/vc_column_text][vc_column_text]festivitas.space ist eine freie Projektgruppe, die sich je nach Vorhaben in unterschiedlichen Konstellationen wiederfindet und in lebendiger Art Liminalit\u00e4t, Permeabilit\u00e4t, Possibilit\u00e4t &amp; Kontextualit\u00e4t anhand konkreter Aktionen erforscht. [\/vc_column_text][\/vc_column][vc_column width=&#8220;1\/12&#8243;][\/vc_column][vc_column width=&#8220;4\/12&#8243;][vc_column_text]<\/p>\n<div><\/div>\n<p>[\/vc_column_text][\/vc_column][\/vc_row][vc_row][vc_column width=&#8220;2\/12&#8243;][\/vc_column][vc_column width=&#8220;5\/12&#8243;][vc_column_text]<strong>Warum &amp; wozu tun wir, was wir tun?<\/strong> Weil jede Zeitmaschine in allen Filmen sich um mindestens 3 Achsen gleichzeitig dreht. So verlieren wir die Orientierung. Finden uns in neuen Kontexten wieder. Und das ist, warum wir tun, was wir tun. Wir experimentieren mit R\u00e4umen (Change-Jargon: \u00abContainern\u00bb), welche neue Kontexte erm\u00f6glichen. Damit die Beziehungen der Teile sich neu (er)finden k\u00f6nnen. Wir verwirren um zu entwirren. Wir wollen nicht nur verSTEHEN sondern Neues\/Anderes beGEHEN und erLEBEN.[\/vc_column_text][vc_column_text]<strong>Wir facilitieren radikal atmosph\u00e4risch-metaphorisch.<\/strong> Voll Essenz- und Traumland halt. Das Konkret-Konsensreale, davon bringen wir alle aus unseren verschiedenen Alltags-Ich&#8217;s genug Erfahrung, Wissen und K\u00f6nnen mit. Wenn es also Handlung, Projekte, Planung etc. braucht, vertrauen wir darauf, dass wir als Zukunftsv\u00f6gel die Reise ganz konkret-praktisch unter die Fl\u00fcgel packen k\u00f6nnen.[\/vc_column_text][vc_column_text]Auch wenn wir sehr prozessorientiert unterwegs sind, <strong>so sind wir gleichwohl auch von Ambitionen, Zielen, Hoffnungen etc. informiert<\/strong>. So glauben wir bspw., dass wir als Gesellschaft gut daran t\u00e4ten, ein co-kreatives, nationales Ver[H\/W]andlungsformat zu unserer Zukunft zu gestalten. Bspw. fand seit 1883 in der Schweiz etwa alle 25 Jahre eine Landesausstellung statt. Es ist unsere Absicht, dass wir in diesen kommenden Anl\u00e4ssen als soziales Feld etwas lernen, was wir in nur wenigen Jahren in eine landesweite co-kreative und performative Expo#7 \u00fcbersetzen k\u00f6nnen. Eine Landesausstellung als ein riesiges nationales, co-performatives Kontext-Experiment. Das bringt uns ins Tr\u00e4umen&#8230;[\/vc_column_text][\/vc_column][vc_column width=&#8220;4\/12&#8243;][vc_empty_space height=&#8220;62px&#8220;][vc_column_text css=&#8220;&#8220;]<strong>Apropos Kontext. <\/strong>Unsere Forschungsexperimente zu Kontexten sind nicht kontextfrei. Sie passieren im Kontext der multiplen Welt-<em>schief<\/em>-lagen, in denen wir uns wiederfinden. Sie sind inspiriert von jahrelanger Arbeit und Erfahrung im Feld von systemischem Wandel, Kunst und Projekt-Pioneering. Nebst vielen weiteren inspirieren uns aktuell die Arbeiten von B\u00e1y\u00f2 Ak\u00f3mol\u00e1f\u00e9, Nora Bateson, Daniel C. Wahl, Eva Illouz, Steffi Bednarek oder \u00c9douard Glissant, die uns Denk- &amp; Sprach-Landkarten zur Verf\u00fcgung stellen, die wir wiederum im Territorium erkunden und begehen k\u00f6nnen. Ebenso sind wir inspiriert von der Idee der regenerativen (Bio-) Kulturen, der Untrennbarkeit von K\u00f6rper und Geist, welche uns f\u00fcr alles m\u00f6gliche verk\u00f6rpert-performativ-Somatische neugierig werden l\u00e4sst. Auch die Idee, dass wir Gefahr laufen, das wir in der Zukunft landen werden, welche wir uns zu imaginieren erlauben, l\u00e4sst uns oder der Idee, dass wir unsere Imaginationskraft noch radikal erweitern k\u00f6nnen und dies uns auf direktem Weg in eine Auseinandersetzung mit den systemisch-strukturellen wie auch tiefpers\u00f6nlichen Geistern unserer Zeit bringt.[\/vc_column_text][vc_column_text]<\/p>\n<h5>En Co-Pilotage<\/h5>\n<p>Oswald H. K\u00f6nig Tafur<br \/>\nNiki Wiese[\/vc_column_text][vc_column_text css=&#8220;&#8220;]<\/p>\n<h5>Avec les complices<\/h5>\n<p>Th\u00e9o Fischer<br \/>\nSam N\u00fcesch (in memoriam amantem)<br \/>\nSidsel Andersen<br \/>\nJennifer Obanla<br \/>\nKatalin Hausel<br \/>\n&#8230;&#8230;<br \/>\n&#8230;..<br \/>\n&#8230;.<br \/>\n&#8230;<br \/>\n..<br \/>\n.[\/vc_column_text][vc_empty_space][\/vc_column][vc_column width=&#8220;1\/12&#8243;][\/vc_column][\/vc_row]<\/p>\n<\/div>","protected":false},"excerpt":{"rendered":"<p>[vc_row][vc_column][vc_empty_space][\/vc_column][\/vc_row][vc_row][vc_column width=&#8220;1\/12&#8243;][\/vc_column][vc_column width=&#8220;10\/12&#8243;][vc_column_text] Wir gestalten R\u00e4ume f\u00fcr das Ver[H\/W]andeln unserer Zukunft [\/vc_column_text][vc_empty_space height=&#8220;82px&#8220;][\/vc_column][vc_column width=&#8220;1\/12&#8243;][\/vc_column][\/vc_row][vc_row][vc_column width=&#8220;1\/12&#8243;][\/vc_column][vc_column width=&#8220;6\/12&#8243;][vc_column_text] [\/vc_column_text][\/vc_column][vc_column width=&#8220;4\/12&#8243;][vc_empty_space height=&#8220;82px&#8220;][vc_column_text] [\/vc_column_text][\/vc_column][vc_column width=&#8220;1\/12&#8243;][\/vc_column][\/vc_row][vc_row][vc_column width=&#8220;2\/12&#8243;][\/vc_column][vc_column width=&#8220;5\/12&#8243;][vc_empty_space][vc_column_text] Es geht ums Ver[H\/W]andeln. Handeln, Verhandeln, Verwandeln, Wandeln. [\/vc_column_text][vc_column_text]festivitas.space ist eine freie Projektgruppe, die sich je nach Vorhaben in unterschiedlichen Konstellationen wiederfindet und in lebendiger Art Liminalit\u00e4t, Permeabilit\u00e4t, Possibilit\u00e4t &amp; Kontextualit\u00e4t anhand&hellip;<\/p>\n","protected":false},"author":1,"featured_media":32,"parent":0,"menu_order":0,"comment_status":"closed","ping_status":"closed","template":"","meta":{"_acf_changed":false,"footnotes":""},"class_list":["post-31","page","type-page","status-publish","has-post-thumbnail","hentry"],"acf":[],"_links":{"self":[{"href":"https:\/\/festivitas.space\/ship\/wp-json\/wp\/v2\/pages\/31","targetHints":{"allow":["GET"]}}],"collection":[{"href":"https:\/\/festivitas.space\/ship\/wp-json\/wp\/v2\/pages"}],"about":[{"href":"https:\/\/festivitas.space\/ship\/wp-json\/wp\/v2\/types\/page"}],"author":[{"embeddable":true,"href":"https:\/\/festivitas.space\/ship\/wp-json\/wp\/v2\/users\/1"}],"replies":[{"embeddable":true,"href":"https:\/\/festivitas.space\/ship\/wp-json\/wp\/v2\/comments?post=31"}],"version-history":[{"count":27,"href":"https:\/\/festivitas.space\/ship\/wp-json\/wp\/v2\/pages\/31\/revisions"}],"predecessor-version":[{"id":1021,"href":"https:\/\/festivitas.space\/ship\/wp-json\/wp\/v2\/pages\/31\/revisions\/1021"}],"wp:featuredmedia":[{"embeddable":true,"href":"https:\/\/festivitas.space\/ship\/wp-json\/wp\/v2\/media\/32"}],"wp:attachment":[{"href":"https:\/\/festivitas.space\/ship\/wp-json\/wp\/v2\/media?parent=31"}],"curies":[{"name":"wp","href":"https:\/\/api.w.org\/{rel}","templated":true}]}}