{"id":733,"date":"2025-12-14T12:12:17","date_gmt":"2025-12-14T12:12:17","guid":{"rendered":"https:\/\/festivitas.space\/ship\/?page_id=733"},"modified":"2026-03-28T08:03:25","modified_gmt":"2026-03-28T08:03:25","slug":"agenda","status":"publish","type":"page","link":"https:\/\/festivitas.space\/ship\/agenda\/","title":{"rendered":"agenda"},"content":{"rendered":"<div class=\"wpb-content-wrapper\"><p>[vc_row][vc_column][vc_empty_space][\/vc_column][\/vc_row][vc_row][vc_column width=&#8220;1\/12&#8243;][\/vc_column][vc_column width=&#8220;10\/12&#8243;][vc_column_text css=&#8220;&#8220;]<\/p>\n<h1 style=\"text-align: center;\"><span class=\"y0\">Wohin zieht es<\/span><br \/>\n<span class=\"y1\">uns?<\/span><br \/>\n<span class=\"y2\">Was ruft?<\/span><br \/>\n<span class=\"y3\">Wer fliegt mit?<\/span><\/h1>\n<p>[\/vc_column_text][vc_empty_space height=&#8220;82px&#8220;][\/vc_column][vc_column width=&#8220;1\/12&#8243;][\/vc_column][\/vc_row][vc_row][vc_column width=&#8220;2\/12&#8243;][\/vc_column][vc_column width=&#8220;4\/12&#8243;][vc_column_text css=&#8220;&#8220;]<\/p>\n<h3 style=\"text-align: center;\">&lt;spacer&gt;<\/h3>\n<p style=\"text-align: center;\"><strong>Zur Verdichtung des Raums<\/strong><\/p>\n<p class=\"p1\" style=\"text-align: center;\">Mit dem dem neuen Format &lt;spacer&gt; erforschen wir auf situationistisch inspirierten Streifz\u00fcgen durch Orte und durch die dichte Aneinanderreihung von \u00abZuviel\u00bb das Potenzial dessen. Was entsteht im krassen Raum? Wie finden wir die Ruhe im Auge des Sturms?<\/p>\n<p style=\"text-align: center;\"><strong>Pilotphase<\/strong><br \/>\n1. Februar \u2013 31. Juli 2026<br \/>\n<a href=\"https:\/\/festivitas.space\/ship\/spacer\/\">&gt; mehr Infos<\/a><\/p>\n<p>[\/vc_column_text][vc_empty_space height=&#8220;62px&#8220;][\/vc_column][vc_column width=&#8220;5\/12&#8243;][vc_empty_space height=&#8220;92px&#8220;][vc_single_image image=&#8220;831&#8243; img_size=&#8220;full&#8220; onclick=&#8220;custom_link&#8220; css=&#8220;.vc_custom_1769856689971{margin-right: 10px !important;margin-bottom: 35px !important;padding-right: 10px !important;padding-bottom: 35px !important;}&#8220; link=&#8220;https:\/\/festivitas.space\/ship\/mini-zuekunft-2026\/&#8220;][\/vc_column][vc_column width=&#8220;1\/12&#8243;][\/vc_column][\/vc_row][vc_row][vc_column width=&#8220;1\/12&#8243;][\/vc_column][vc_column width=&#8220;4\/12&#8243;][vc_single_image image=&#8220;1067&#8243; img_size=&#8220;full&#8220; onclick=&#8220;custom_link&#8220; css=&#8220;.vc_custom_1774685000771{margin-right: 10px !important;margin-bottom: 35px !important;padding-right: 10px !important;padding-bottom: 35px !important;}&#8220; link=&#8220;https:\/\/festivitas.space\/ship\/agora-4\/&#8220;][\/vc_column][vc_column width=&#8220;4\/12&#8243;][vc_empty_space][vc_column_text css=&#8220;&#8220;]<\/p>\n<h3>Agorita f\u00fcr<br \/>\nZukunftsv\u00f6gel<\/h3>\n<p><strong>in wind und wandel<\/strong><\/p>\n<p>Auffahrtsweekend<br \/>\nDonnerstag \u2013 Sonntag<br \/>\n14.\u201317. Mai 2026<br \/>\nDas Ideenhaus Seelisberg<\/p>\n<p><a href=\"https:\/\/festivitas.space\/ship\/agora-4\/\">&gt; mehr Infos<\/a>[\/vc_column_text][\/vc_column][vc_column width=&#8220;3\/12&#8243;][\/vc_column][\/vc_row][vc_row][vc_column][vc_empty_space][\/vc_column][\/vc_row][vc_row][vc_column width=&#8220;3\/12&#8243;][\/vc_column][vc_column width=&#8220;4\/12&#8243;][vc_column_text css=&#8220;&#8220;]<\/p>\n<h3>mini.Zuekunft Festival<\/h3>\n<p><strong>Ein Labor f\u00fcr Zukunftsgef\u00fchle<\/strong><\/p>\n<p>Wegen eines Missverst\u00e4ndnisses bei den Raumbuchungen seitens der gastgebenden Organisation mussten wir das mini.Zuekunft Festival 2025 leider auf noch unbestimmt verschieben. Daf\u00fcr freuen wir uns \u00fcber eine noch feiner geschliffene n\u00e4chste Durchf\u00fchrung. Wir halten euch auf dem Laufenden.<\/p>\n<p><a href=\"https:\/\/festivitas.space\/ship\/mini-zuekunft-2026\/\">&gt; mehr Infos<\/a><br \/>\n<a href=\"https:\/\/www.mini-zuekunft.space\/\" target=\"_blank\" rel=\"noopener\">&gt; Website<\/a>[\/vc_column_text][\/vc_column][vc_column width=&#8220;5\/12&#8243;][vc_empty_space height=&#8220;92px&#8220;][vc_single_image image=&#8220;488&#8243; img_size=&#8220;full&#8220; onclick=&#8220;custom_link&#8220; css=&#8220;.vc_custom_1765824167377{margin-right: 10px !important;margin-bottom: 35px !important;padding-right: 10px !important;padding-bottom: 35px !important;}&#8220; link=&#8220;https:\/\/festivitas.space\/ship\/mini-zuekunft-2026\/&#8220;][\/vc_column][\/vc_row][vc_row][vc_column][vc_empty_space][\/vc_column][\/vc_row]<\/p>\n<\/div>","protected":false},"excerpt":{"rendered":"<p>[vc_row][vc_column][vc_empty_space][\/vc_column][\/vc_row][vc_row][vc_column width=&#8220;1\/12&#8243;][\/vc_column][vc_column width=&#8220;10\/12&#8243;][vc_column_text css=&#8220;&#8220;] Wohin zieht es uns? Was ruft? Wer fliegt mit? [\/vc_column_text][vc_empty_space height=&#8220;82px&#8220;][\/vc_column][vc_column width=&#8220;1\/12&#8243;][\/vc_column][\/vc_row][vc_row][vc_column width=&#8220;2\/12&#8243;][\/vc_column][vc_column width=&#8220;4\/12&#8243;][vc_column_text css=&#8220;&#8220;] &lt;spacer&gt; Zur Verdichtung des Raums Mit dem dem neuen Format &lt;spacer&gt; erforschen wir auf situationistisch inspirierten Streifz\u00fcgen durch Orte und durch die dichte Aneinanderreihung von \u00abZuviel\u00bb das Potenzial dessen. Was entsteht im krassen Raum? Wie finden&hellip;<\/p>\n","protected":false},"author":1,"featured_media":260,"parent":0,"menu_order":0,"comment_status":"closed","ping_status":"closed","template":"","meta":{"_acf_changed":false,"footnotes":""},"class_list":["post-733","page","type-page","status-publish","has-post-thumbnail","hentry"],"acf":[],"_links":{"self":[{"href":"https:\/\/festivitas.space\/ship\/wp-json\/wp\/v2\/pages\/733","targetHints":{"allow":["GET"]}}],"collection":[{"href":"https:\/\/festivitas.space\/ship\/wp-json\/wp\/v2\/pages"}],"about":[{"href":"https:\/\/festivitas.space\/ship\/wp-json\/wp\/v2\/types\/page"}],"author":[{"embeddable":true,"href":"https:\/\/festivitas.space\/ship\/wp-json\/wp\/v2\/users\/1"}],"replies":[{"embeddable":true,"href":"https:\/\/festivitas.space\/ship\/wp-json\/wp\/v2\/comments?post=733"}],"version-history":[{"count":42,"href":"https:\/\/festivitas.space\/ship\/wp-json\/wp\/v2\/pages\/733\/revisions"}],"predecessor-version":[{"id":1068,"href":"https:\/\/festivitas.space\/ship\/wp-json\/wp\/v2\/pages\/733\/revisions\/1068"}],"wp:featuredmedia":[{"embeddable":true,"href":"https:\/\/festivitas.space\/ship\/wp-json\/wp\/v2\/media\/260"}],"wp:attachment":[{"href":"https:\/\/festivitas.space\/ship\/wp-json\/wp\/v2\/media?parent=733"}],"curies":[{"name":"wp","href":"https:\/\/api.w.org\/{rel}","templated":true}]}}